 -1461 (base 9) in base 7?
-3142
Convert -1200001 (base 3) to base 14.
-62c
-20233 (base 5) to base 14
-6a2
8b8 (base 12) to base 11
a75
What is 2a3 (base 14) in base 11?
447
11220100 (base 3) to base 13
181b
13135 (base 9) to base 11
6726
3024 (base 5) to base 8
605
What is 13344 (base 5) in base 8?
2113
Convert 592a (base 12) to base 5.
304340
Convert 64574 (base 8) to base 14.
9bac
What is -623 (base 16) in base 15?
-6eb
Convert 25f (base 16) to base 4.
21133
What is -30001 (base 6) in base 7?
-14224
What is -17427 (base 8) in base 4?
-1330113
Convert -1110101101000 (base 2) to base 13.
-3571
Convert 4d22 (base 14) to base 2.
11010011110010
What is -10100101110 (base 2) in base 7?
-3603
561 (base 14) to base 11
889
What is 69 (base 10) in base 16?
45
-2112020 (base 3) to base 9
-2466
Convert 31623 (base 7) to base 9.
11700
Convert -9a57 (base 11) to base 3.
-200011210
What is -200221 (base 3) in base 6?
-2211
What is c455 (base 15) in base 2?
1010001000001000
What is -10223 (base 4) in base 16?
-12b
Convert -2344 (base 6) to base 13.
-349
Convert -2211 (base 6) to base 13.
-304
What is 22325 (base 9) in base 8?
34776
What is 8583 (base 13) in base 9?
27366
What is -302241 (base 5) in base 4?
-2113200
Convert -2211 (base 9) to base 2.
-11001011110
-b31b (base 12) to base 11
-13694
27777 (base 8) to base 3
121212002
Convert 2111 (base 6) to base 4.
13123
Convert -60 (base 7) to base 2.
-101010
Convert -13490 (base 10) to base 15.
-3ee5
-9270 (base 11) to base 10
-12298
1000100100111 (base 2) to base 7
15542
What is -112123 (base 6) in base 9?
-14086
Convert -3228 (base 14) to base 9.
-12782
Convert -2111 (base 8) to base 10.
-1097
What is 66275 (base 8) in base 4?
12302331
-2125 (base 6) to base 12
-345
What is -10110121 (base 3) in base 2?
-100111011111
Convert -142121 (base 5) to base 14.
-2223
Convert 1102132 (base 4) to base 7.
21250
What is -c58 (base 16) in base 2?
-110001011000
Convert -7694 (base 12) to base 5.
-404242
What is 1201101 (base 3) in base 8?
2344
Convert -1d6 (base 15) to base 11.
-358
-10001011111 (base 2) to base 13
-681
What is 2036 (base 8) in base 6?
4514
What is -33311 (base 4) in base 13?
-5cc
105 (base 9) to base 14
62
2a4 (base 13) to base 14
25a
-11204 (base 7) to base 2
-101100011110
-1186 (base 13) to base 4
-212230
-23216 (base 7) to base 3
-22011002
Convert -972 (base 15) to base 13.
-c80
Convert -312 (base 5) to base 8.
-122
-1426 (base 10) to base 12
-9aa
-502 (base 10) to base 3
-200121
What is -31999 (base 10) in base 2?
-111110011111111
What is b466 (base 12) in base 3?
222222020
Convert 324 (base 8) to base 10.
212
20 (base 5) to base 11
a
What is 1100 (base 9) in base 6?
3430
What is 1000112 (base 3) in base 13?
452
Convert -2021012 (base 3) to base 10.
-1652
What is -db4 (base 14) in base 3?
-10201020
Convert -222b9 (base 12) to base 11.
-31094
Convert 37834 (base 11) to base 7.
314102
Convert 10115 (base 6) to base 14.
6bd
Convert -1210101 (base 3) to base 10.
-1306
2011102100 (base 3) to base 2
1010011001011100
-1014 (base 14) to base 15
-c42
What is 12352 (base 6) in base 2?
11101001100
Convert 614 (base 11) to base 6.
3233
What is -1b6 (base 14) in base 6?
-1352
What is 39713 (base 10) in base 3?
2000110212
What is 110101011001 (base 2) in base 3?
11200120
What is -6c9 (base 15) in base 7?
-4326
What is -3ad (base 15) in base 8?
-1506
Convert 110121 (base 3) to base 5.
2330
What is 206 (base 9) in base 5?
1133
305 (base 11) to base 14
1c4
-36534 (base 7) to base 4
-2110323
What is -10111001000100 (base 2) in base 13?
-5511
What is -2134 (base 7) in base 3?
-1001011
What is -1979 (base 12) in base 2?
-110000101101
What is -48c8 (base 13) in base 2?
-10100001000000
What is -755 (base 15) in base 16?
-677
Convert -1030012 (base 4) to base 2.
-1001100000110
Convert 100101100000 (base 2) to base 6.
15040
What is -112 (base 6) in base 5?
-134
-250 (base 10) to base 4
-3322
What is -33001 (base 7) in base 5?
-230413
3103110 (base 4) to base 11
a185
Convert 1100000010111 (base 2) to base 9.
8412
Convert 2111022222 (base 3) to base 10.
49085
What is -732 (base 9) in base 12?
-418
-1353 (base 16) to base 3
-20210020
-43204 (base 5) to base 13
-1444
21101 (base 6) to base 5
42340
-5616 (base 7) to base 15
-8ec
Convert 11325 (base 6) to base 9.
2218
-131031 (base 5) to base 12
-2b85
-131441 (base 5) to base 13
-2507
What is 1424 (base 6) in base 4?
11320
Convert -13303 (base 7) to base 3.
-11220121
Convert 5814 (base 9) to base 7.
15361
Convert -11b4 (base 12) to base 16.
-7d8
What is -1b7c (base 13) in base 8?
-10077
6135 (base 9) to base 16
1187
153 (base 9) to base 7
243
3413 (base 5) to base 13
2b2
Convert 13b2d (base 14) to base 2.
1011111011001101
-121222 (base 3) to base 13
-293
-13342 (base 7) to base 8
-7027
9a1 (base 13) to base 5
23102
Convert -531 (base 16) to base 6.
-10053
295 (base 16) to base 11
551
Convert -599 (base 14) to base 4.
-101123
What is 15020 (base 13) in base 15?
bad2
Convert -11001001000 (base 2) to base 16.
-648
What is -110221101 (base 3) in base 5?
-300213
60ab (base 12) to base 14
3b7d
What is 453 (base 13) in base 9?
1016
Convert -777 (base 8) to base 11.
-425
What is 2114 (base 7) in base 4?
23222
Convert -189a (base 12) to base 4.
-232312
What is -24944 (base 11) in base 14?
-d051
Convert 62d (base 15) to base 9.
1817
Convert 1450 (base 7) to base 13.
352
Convert 5a59 (base 11) to base 12.
4709
4110 (base 8) to base 5
31440
What is -64d2 (base 15) in base 5?
-1140342
-28 (base 10) to base 12
-24
What is -30717 (base 8) in base 13?
-5a5b
What is -10011022 (base 3) in base 2?
-100011111111
Convert -444 (base 9) to base 11.
-301
Convert 1b6 (base 13) to base 12.
226
5054 (base 11) to base 3
100012200
Convert -ba9 (base 15) to base 7.
-10452
What is 10100011010 (base 2) in base 14?
694
-1351 (base 7) to base 2
-1000001110
Convert 1063 (base 8) to base 2.
1000110011
Convert -21677 (base 11) to base 7.
-160420
391 (base 14) to base 15
32a
2239 (base 12) to base 16
ecd
Convert -11010101011 (base 2) to base 5.
-23312
What is 13140 (base 5) in base 11?
870
Convert -2122222002 (base 3) to base 9.
-78862
What is 100100010 (base 2) in base 10?
290
What is -264 (base 12) in base 9?
-444
What is 654 (base 12) in base 11?
774
11010002 (base 3) to base 10
2999
-7152 (base 8) to base 5
-104230
Convert 3a7 (base 11) to base 2.
111100000
133102 (base 4) to base 13
bb0
11112012 (base 3) to base 5
101144
Convert 2333 (base 4) to base 2.
10111111
Convert -15121 (base 12) to base 5.
-1421140
What is -364 (base 11) in base 5?
-3213
-840 (base 10) to base 6
-3520
What is 10114 (base 5) in base 10?
659
4e3 (base 15) to base 8
2131
Convert 1357 (base 10) to base 7.
3646
Convert -1176 (base 8) to base 5.
-10023
8124 (base 9) to base 2
1011100101111
What is 1231330 (base 5) in base 11?
17007
42a (base 15) to base 10
940
What is 143244 (base 5) in base 11?
4622
Convert -1000001001 (base 2) to base 15.
-24b
What is -1a1 (base 15) in base 14?
-1cc
What is 10210110 (base 3) in base 15?
c46
What is 1a54 (base 13) in base 7?
14351
What is 98f6 (base 16) in base 9?
58638
What is -123312 (base 5) in base 12?
-2968
Convert -275 (base 8) to base 12.
-139
What is -6389 (base 11) in base 16?
-20fe
What is -233 (base 8) in base 9?
-182
2dd9 (base 15) to base 4
2122113
Convert -5624 (base 8) to base 11.
-2255
What is 111001010 (base 2) in base 7?
1223
What is -303034 (base 5) in base 6?
-113121
Convert -120d (base 14) to base 7.
-12116
Convert -17455 (base 10) to base 16.
-442f
Convert 45 (base 15) to base 10.
65
-1f54 (base 16) to base 14
-2ccc
What is -19cad (base 14) in base 11?
-45332
Convert -10310 (base 5) to base 9.
-863
606 (base 12) to base 9
1166
What is 7382 (base 9) in base 12?
3178
-168 (base 11) to base 14
-dd
7035 (base 8) to base 16
e1d
What is -1001101121 (base 3) in base 16?
-50da
What is -112102 (base 4) in base 6?
-10334
37025 (base 10) to base 8
110241
Convert 120100 (base 3) to base 6.
1530
What is -21331 (base 7) in base 3?
-21021211
-106 (base 15) to base 7
-450
-988 (base 13) to base 7
-4522
Convert -69 (base 10) to base 15.
-49
-3414 (base 6) to base 4
-30202
What is -221002 (base 3) in base 15?
-302
Convert -13505 (base 6) to base 3.
-2220212
What is 13a (base 14) in base 9?
305
Wha